e 15, what is -2 + -a831c2d?
-a831c30
In base 5, what is -21124220402 - -20?
-21124220332
In base 10, what is -4 - -8305839?
8305835
In base 2, what is 1101111111101010111000100 - 0?
1101111111101010111000100
In base 7, what is -30 + 3546246?
3546216
In base 7, what is 113320011 - 2?
113320006
In base 10, what is -24839783 + -4?
-24839787
In base 3, what is 21 - 10010210120211?
-10010210120120
In base 10, what is -86000 + 650?
-85350
In base 5, what is 112022000304 + -10?
112022000244
In base 14, what is 15417d1 + -4?
15417cb
In base 15, what is -1ba2 + 1206?
-99b
In base 6, what is -14 - 14325305?
-14325323
In base 5, what is -134 - -21434101?
21433412
In base 12, what is 4 + 116114a?
1161152
In base 2, what is 10011001000110100111010010 + -100?
10011001000110100111001110
In base 10, what is -2 + -67342209?
-67342211
In base 5, what is -212343302 - -10?
-212343242
In base 3, what is 1011122102201210 + -2?
1011122102201201
In base 7, what is 10052 + 335332?
345414
In base 13, what is -30 - -1cbc65?
1cbc35
In base 15, what is 224c - 8ed?
184e
In base 12, what is -4561748 - 3?
-456174b
In base 4, what is -12103 + -1202322?
-1221031
In base 10, what is -423672 + -12?
-423684
In base 13, what is 1411c + -184?
13c68
In base 9, what is -1 - 285250135?
-285250136
In base 4, what is 30030 - 33002?
-2312
In base 12, what is -4 - 32316346?
-3231634a
In base 15, what is -67a73 + -60?
-67ad3
In base 9, what is -5 + -67563684?
-67563700
In base 8, what is 74041 + 3217?
77260
In base 14, what is -6303 + 2295?
-404c
In base 13, what is -2769 - -2159?
-610
In base 4, what is 230220211 + -32112?
230122033
In base 6, what is 13411501230 + 0?
13411501230
In base 5, what is 3 + -122010221214?
-122010221211
In base 8, what is 10010 + -502?
7306
In base 15, what is -176d8 - 9?
-176e2
In base 4, what is 0 - -20032213223210?
20032213223210
In base 4, what is 31221022332 + -13?
31221022313
In base 12, what is 2240 - b4b?
12b1
In base 13, what is -42977 + -25?
-4299c
In base 15, what is 2078077 - -22?
2078099
In base 5, what is 23222 + -20400?
2322
In base 16, what is 4d + b3b9?
b406
In base 2, what is -1111 - -10100110010110001101000000?
10100110010110001100110001
In base 10, what is -2927091 + 0?
-2927091
In base 16, what is 2a7 + -6d19?
-6a72
In base 3, what is 0 - -2211121222111?
2211121222111
In base 5, what is 133211 + 1331414?
2020130
In base 15, what is -11 + -18be7?
-18c08
In base 16, what is -b - -531c24?
531c19
In base 12, what is -703 - -22838?
22135
In base 7, what is -65216 + 16356?
-45530
In base 3, what is -10 + -11122222212110?
-11122222212120
In base 9, what is 26 - 660751?
-660724
In base 7, what is 3523 - -10540?
14363
In base 4, what is 0 + 10013332210?
10013332210
In base 11, what is -1473a65 - -33?
-1473a32
In base 14, what is -174cb6b + -6?
-174cb73
In base 16, what is -a5 - -215f?
20ba
In base 13, what is -29 - 166a235?
-166a261
In base 10, what is -993338 - -75?
-993263
In base 6, what is -2355501425 - -24?
-2355501401
In base 15, what is 4c43 + -e3c?
3d06
In base 14, what is 2 + 22a0a4?
22a0a6
In base 5, what is 44013341 - -104?
44014000
In base 12, what is -4a - 186a5?
-18733
In base 16, what is 6cb951 + -c?
6cb945
In base 9, what is 28 + -366503?
-366464
In base 3, what is 2000220100021 + -1211?
2000220021110
In base 14, what is -3 - 2c7d061?
-2c7d064
In base 2, what is 100010011101101001001010011 - -1111?
100010011101101001001100010
In base 7, what is 504225 - 16463?
454432
In base 9, what is -618 + 2037816?
2037187
In base 14, what is -a10d + -4b4?
-a5c3
In base 12, what is 4 - 11a390098?
-11a390094
In base 15, what is 720 - -a89?
12a9
In base 14, what is -b169a3 - 8?
-b169ab
In base 12, what is 1016 - -2133?
3149
In base 9, what is -3 + 4251216?
4251213
In base 2, what is -1100110010011110111100 - 1000?
-1100110010011111000100
In base 13, what is 4a173 + -4a7?
49999
In base 5, what is 4 - -122301143431?
122301143440
In base 12, what is 0 + 3080233?
3080233
In base 5, what is 21012 + 1142332?
1213344
In base 11, what is -4 - -100526141?
100526138
In base 8, what is -141 + -165710?
-166051
In base 7, what is -12034520 - -4?
-12034513
In base 14, what is -4 + -3d21407?
-3d2140b
In base 15, what is -cd3119c - 5?
-cd311a2
In base 11, what is -33 - 6a2898?
-6a2920
In base 10, what is -5 + 4965913?
4965908
In base 12, what is -2694 + -b505b?
-b7733
In base 4, what is 1232023112100 + 203?
1232023112303
In base 14, what is -72 - 42d06?
-42d78
In base 10, what is -23773 + -770?
-24543
In base 14, what is -189 - 2d54?
-30dd
In base 3, what is 1 - 111122222001122?
-111122222001121
In base 7, what is 22612122 + -224?
22611565
In base 6, what is 0 - 45121544?
-45121544
In base 5, what is -432204332 + -322?
-432210204
In base 11, what is -589a12927 - -3?
-589a12924
In base 12, what is 44106b - 64?
441007
In base 8, what is 74432 - 2035?
72375
In base 10, what is 11222508 - -2?
11222510
In base 10, what is -39560395 - -3?
-39560392
In base 14, what is -116 + 13b32b?
13b215
In base 6, what is -3 - 553244002?
-553244005
In base 5, what is -3 + -24223341413?
-24223341421
In base 12, what is 231 - 16362?
-16131
In base 14, what is -1c3a + -c09?
-2a45
In base 16, what is 2b7 - 39c3?
-370c
In base 10, what is 6430264 + 0?
6430264
In base 2, what is -1011111110000110101100000 + 0?
-1011111110000110101100000
In base 5, what is -1024012 + 34131?
-434331
In base 2, what is -11100100011010000 - 100000?
-11100100011110000
In base 7, what is -3363423 - -11?
-3363412
In base 12, what is -36 + -13a60?
-13a96
In base 11, what is -494 - -516a1?
51208
In base 8, what is -2367114 - -23?
-2367071
In base 7, what is -3256235 - -1232?
-3255003
In base 3, what is 2120010 + -1100?
2111210
In base 6, what is 21310305 + 44?
21310353
In base 3, what is -212002022 - 111000?
-212120022
In base 13, what is 1 - -1aa86ac1?
1aa86ac2
In base 6, what is 2155 - 24320?
-22121
In base 8, what is -52 - -276404?
276332
In base 10, what is -1708 - -116215?
114507
In base 13, what is -97287ac - 8?
-97287b7
In base 15, what is -33 + -3c695?
-3c6c8
In base 6, what is -132440312 + -35?
-132440351
In base 10, what is 9 - -3529740?
3529749
In base 4, what is -133 - 1111301203?
-1111302002
In base 9, what is 21087 + -4833?
15154
In base 10, what is -2 - -8722387?
8722385
In base 16, what is -1446 - -1410?
-36
In base 10, what is -29300 + -388?
-29688
In base 9, what is 383 + -15080?
-14586
In base 13, what is a4 - -11c67?
1203b
In base 2, what is -111100 + -10110000010001100?
-10110000011001000
In base 9, what is -532 - -2615724?
2615182
In base 16, what is 14 + -f1afd?
-f1ae9
In base 6, what is 431 - 1343050?
-1342215
In base 3, what is 221001212 - 1011102?
212220110
In base 2, what is 101 - -1101010100011011000010000?
1101010100011011000010101
In base 10, what is 1 + -1364661?
-1364660
In base 12, what is -142 + 1635?
14b3
In base 7, what is 1435402 - 43?
1435326
In base 4, what is -11022002 + 11201?
-11010201
In base 13, what is 46 - -12180?
121c6
In base 4, what is -310320022322 - -10?
-310320022312
In base 9, what is 3 + -126128245?
-126128242
In base 5, what is -2 + -32341224?
-32341231
In base 14, what is 41d - 3a79?
-365a
In base 16, what is -79a - 1da4?
-253e
In base 16, what is -438b6 + 1d2?
-436e4
In base 8, what is -63700 - -626?
-63052
In base 3, what is -1200121211 + -1001200210?
-2202022121
In base 13, what is -49 + 2b21c?
2b1a3
In base 7, what is -13 - 6111455?
-6111501
In base 10, what is 64855043 - -2?
64855045
In base 3, what is -2002012 + 11020211200?
11011202111
In base 15, what is 189a - -26d00?
2869a
In base 11, what is 1500 + 3139?
4639
In base 16, what is 5 + -23f0ef?
-23f0ea
In base 3, what is -121112210 - 21011222?
-212201202
In base 13, what is -256 - -1187c3?
11856a
In base 8, what is 741 - 2053?
-1112
In base 14, what is -460 - -6797?
6337
In base 7, what is -536 - 1356554?
-1360423
In base 2, what is 100 - -1001011101000100101100010?
1001011101000100101100110
In base 9, what is 1621477 + -1455?
1620022
In base 14, what is 39a4 - -1b54?
5718
In base 5, what is -10201421312 - 10?
-10201421322
In base 7, what is 35440664 - 53?
35440611
In base 11, what is 18398 + 560?
18948
In base 3, what is 101101010212 + -121201?
101100112011
In base 9, what is 12641251 - -2?
12641